{"id":101,"date":"2011-11-25T11:29:28","date_gmt":"2011-11-25T11:29:28","guid":{"rendered":"http:\/\/www.itziarrensemeak.eus\/web\/?page_id=101"},"modified":"2017-05-05T14:45:00","modified_gmt":"2017-05-05T14:45:00","slug":"denda","status":"publish","type":"page","link":"https:\/\/www.itziarrensemeak.eus\/web\/denda\/","title":{"rendered":"Denda"},"content":{"rendered":"<p style=\"text-align: center;\"><a href=\"http:\/\/www.itziarrensemeak.eus\/web\/wp-content\/uploads\/2011\/11\/merkandaisin.png\"><img loading=\"lazy\" decoding=\"async\" class=\"aligncenter size-large wp-image-2588\" src=\"http:\/\/www.itziarrensemeak.eus\/web\/wp-content\/uploads\/2011\/11\/merkandaisin-724x1024.png\" alt=\"merkandaisin\" width=\"640\" height=\"905\" srcset=\"https:\/\/www.itziarrensemeak.eus\/web\/wp-content\/uploads\/2011\/11\/merkandaisin-724x1024.png 724w, https:\/\/www.itziarrensemeak.eus\/web\/wp-content\/uploads\/2011\/11\/merkandaisin-212x300.png 212w\" sizes=\"auto, (max-width: 640px) 100vw, 640px\" \/><\/a><\/p>\n<p style=\"text-align: justify;\"><em>Oharra: Kamiseta bat baino gehiago edota diska beretik kopia bat baino gehiago erosi nahi badituzu, idatzi kopurua &#8220;Oharrak&#8221; atalean.\u00a0Bidalketa gastuak, eskariaren tamainaren araberakoak dira.\u00a0Gutxi gorabera kamisetak 3\u20ac eta CDak 2\u20ac.<\/em><\/p>\n<p style=\"text-align: justify;\"><em>Nota: Si quieres comprar mas de un disco o camiseta, indicanos la cantidad en el apartado &#8220;Oharrak&#8221; que se encuentra en la parte inferior del formulario. Los gastos de env\u00edo dependen del tama\u00f1o del pedido. M\u00e1s o menos son 3\u20ac las camisetas y 2\u20ac los CDs.<\/em><\/p>\n\n<div class=\"wpcf7 no-js\" id=\"wpcf7-f2052-o1\" lang=\"eu\" dir=\"ltr\" data-wpcf7-id=\"2052\">\n<div class=\"screen-reader-response\"><p role=\"status\" aria-live=\"polite\" aria-atomic=\"true\"><\/p> <ul><\/ul><\/div>\n<form action=\"\/web\/wp-json\/wp\/v2\/pages\/101#wpcf7-f2052-o1\" method=\"post\" class=\"wpcf7-form init\" aria-label=\"Contact form\" novalidate=\"novalidate\" data-status=\"init\">\n<fieldset class=\"hidden-fields-container\"><input type=\"hidden\" name=\"_wpcf7\" value=\"2052\" \/><input type=\"hidden\" name=\"_wpcf7_version\" value=\"6.1.5\" \/><input type=\"hidden\" name=\"_wpcf7_locale\" value=\"eu\" \/><input type=\"hidden\" name=\"_wpcf7_unit_tag\" value=\"wpcf7-f2052-o1\" \/><input type=\"hidden\" name=\"_wpcf7_container_post\" value=\"0\" \/><input type=\"hidden\" name=\"_wpcf7_posted_data_hash\" value=\"\" \/>\n<\/fieldset>\n\n<p><b>Eskaera:<\/b>\n<\/p>\n<p>Diskoak\n<\/p>\n<p><span class=\"wpcf7-form-control-wrap\" data-name=\"diskoak\"><select class=\"wpcf7-form-control wpcf7-select\" aria-invalid=\"false\" name=\"diskoak\"><option value=\"\">&#8212;Please choose an option&#8212;<\/option><option value=\"EH Republik\">EH Republik<\/option><\/select><\/span>\n<\/p>\n<p>Kamisetak\n<\/p>\n<p><span class=\"wpcf7-form-control-wrap\" data-name=\"kamisetak\"><select class=\"wpcf7-form-control wpcf7-select\" aria-invalid=\"false\" name=\"kamisetak\"><option value=\"\">&#8212;Please choose an option&#8212;<\/option><option value=\"EH mutila\">EH mutila<\/option><option value=\"EH neska\">EH neska<\/option><option value=\"Kalabera mutila\">Kalabera mutila<\/option><option value=\"Kalabera neska\">Kalabera neska<\/option><\/select><\/span>\n<\/p>\n<p>Taila\n<\/p>\n<p><span class=\"wpcf7-form-control-wrap\" data-name=\"taila\"><select class=\"wpcf7-form-control wpcf7-select\" aria-invalid=\"false\" name=\"taila\"><option value=\"\">&#8212;Please choose an option&#8212;<\/option><option value=\"M\">M<\/option><option value=\"L\">L<\/option><option value=\"XL\">XL<\/option><\/select><\/span>\n<\/p>\n<p><b>Datu pertsonalak:<\/b>\n<\/p>\n<p>Izen-abizenak *\n<\/p>\n<p><span class=\"wpcf7-form-control-wrap\" data-name=\"izena\"><input size=\"40\" maxlength=\"400\" class=\"wpcf7-form-control wpcf7-text wpcf7-validates-as-required\" aria-required=\"true\" aria-invalid=\"false\" value=\"\" type=\"text\" name=\"izena\" \/><\/span>\n<\/p>\n<p>Helbidea *\n<\/p>\n<p><span class=\"wpcf7-form-control-wrap\" data-name=\"helbidea\"><textarea cols=\"40\" rows=\"10\" maxlength=\"2000\" class=\"wpcf7-form-control wpcf7-textarea wpcf7-validates-as-required\" aria-required=\"true\" aria-invalid=\"false\" name=\"helbidea\"><\/textarea><\/span>\n<\/p>\n<p>Zure e-posta *\n<\/p>\n<p><span class=\"wpcf7-form-control-wrap\" data-name=\"e-posta\"><input size=\"40\" maxlength=\"400\" class=\"wpcf7-form-control wpcf7-email wpcf7-validates-as-required wpcf7-text wpcf7-validates-as-email\" aria-required=\"true\" aria-invalid=\"false\" value=\"\" type=\"email\" name=\"e-posta\" \/><\/span>\n<\/p>\n<p>Ordainketa-modua *\n<\/p>\n<p><span class=\"wpcf7-form-control-wrap\" data-name=\"ordainketa\"><span class=\"wpcf7-form-control wpcf7-radio\"><span class=\"wpcf7-list-item first last\"><label><input type=\"radio\" name=\"ordainketa\" value=\"Banku transferentzia (+3\u20ac)\" \/><span class=\"wpcf7-list-item-label\">Banku transferentzia (+3\u20ac)<\/span><\/label><\/span><\/span><\/span>\n<\/p>\n<p>Oharrak\n<\/p>\n<p><span class=\"wpcf7-form-control-wrap\" data-name=\"oharrak\"><textarea cols=\"40\" rows=\"10\" maxlength=\"2000\" class=\"wpcf7-form-control wpcf7-textarea\" aria-invalid=\"false\" name=\"oharrak\"><\/textarea><\/span>\n<\/p>\n<p><input class=\"wpcf7-form-control wpcf7-submit has-spinner\" type=\"submit\" value=\"eskatu!\" \/>\n<\/p><p style=\"display: none !important;\" class=\"akismet-fields-container\" data-prefix=\"_wpcf7_ak_\"><label>&#916;<textarea name=\"_wpcf7_ak_hp_textarea\" cols=\"45\" rows=\"8\" maxlength=\"100\"><\/textarea><\/label><input type=\"hidden\" id=\"ak_js_1\" name=\"_wpcf7_ak_js\" value=\"172\"\/><script>document.getElementById( \"ak_js_1\" ).setAttribute( \"value\", ( new Date() ).getTime() );<\/script><\/p><div class=\"wpcf7-response-output\" aria-hidden=\"true\"><\/div>\n<\/form>\n<\/div>\n\n","protected":false},"excerpt":{"rendered":"<p>Oharra: Kamiseta bat baino gehiago edota diska beretik kopia bat baino gehiago erosi nahi badituzu, idatzi kopurua &#8220;Oharrak&#8221; atalean.\u00a0Bidalketa gastuak, eskariaren tamainaren araberakoak dira.\u00a0Gutxi gorabera kamisetak 3\u20ac eta CDak 2\u20ac. Nota: Si quieres comprar mas de un disco o camiseta,<\/p>\n","protected":false},"author":1,"featured_media":0,"parent":0,"menu_order":0,"comment_status":"open","ping_status":"open","template":"","meta":{"footnotes":""},"class_list":["post-101","page","type-page","status-publish","hentry"],"yoast_head":"<!-- This site is optimized with the Yoast SEO plugin v27.4 - https:\/\/yoast.com\/product\/yoast-seo-wordpress\/ -->\n<title>Denda - Itziarren Semeak<\/title>\n<meta name=\"robots\" content=\"index, follow, max-snippet:-1, max-image-preview:large, max-video-preview:-1\" \/>\n<link rel=\"canonical\" href=\"https:\/\/www.itziarrensemeak.eus\/web\/denda\/\" \/>\n<meta property=\"og:locale\" content=\"en_US\" \/>\n<meta property=\"og:type\" content=\"article\" \/>\n<meta property=\"og:title\" content=\"Denda - Itziarren Semeak\" \/>\n<meta property=\"og:description\" content=\"Oharra: Kamiseta bat baino gehiago edota diska beretik kopia bat baino gehiago erosi nahi badituzu, idatzi kopurua &#8220;Oharrak&#8221; atalean.\u00a0Bidalketa gastuak, eskariaren tamainaren araberakoak dira.\u00a0Gutxi gorabera kamisetak 3\u20ac eta CDak 2\u20ac. Nota: Si quieres comprar mas de un disco o camiseta,\" \/>\n<meta property=\"og:url\" content=\"https:\/\/www.itziarrensemeak.eus\/web\/denda\/\" \/>\n<meta property=\"og:site_name\" content=\"Itziarren Semeak\" \/>\n<meta property=\"article:publisher\" content=\"http:\/\/www.facebook.com\/itziarrensemeak\" \/>\n<meta property=\"article:modified_time\" content=\"2017-05-05T14:45:00+00:00\" \/>\n<meta property=\"og:image\" content=\"http:\/\/www.itziarrensemeak.eus\/web\/wp-content\/uploads\/2011\/11\/merkandaisin-724x1024.png\" \/>\n<meta name=\"twitter:card\" content=\"summary_large_image\" \/>\n<meta name=\"twitter:site\" content=\"@ItzrrSemeak\" \/>\n<script type=\"application\/ld+json\" class=\"yoast-schema-graph\">{\"@context\":\"https:\\\/\\\/schema.org\",\"@graph\":[{\"@type\":\"WebPage\",\"@id\":\"https:\\\/\\\/www.itziarrensemeak.eus\\\/web\\\/denda\\\/\",\"url\":\"https:\\\/\\\/www.itziarrensemeak.eus\\\/web\\\/denda\\\/\",\"name\":\"Denda - Itziarren Semeak\",\"isPartOf\":{\"@id\":\"https:\\\/\\\/www.itziarrensemeak.eus\\\/web\\\/#website\"},\"primaryImageOfPage\":{\"@id\":\"https:\\\/\\\/www.itziarrensemeak.eus\\\/web\\\/denda\\\/#primaryimage\"},\"image\":{\"@id\":\"https:\\\/\\\/www.itziarrensemeak.eus\\\/web\\\/denda\\\/#primaryimage\"},\"thumbnailUrl\":\"http:\\\/\\\/www.itziarrensemeak.eus\\\/web\\\/wp-content\\\/uploads\\\/2011\\\/11\\\/merkandaisin-724x1024.png\",\"datePublished\":\"2011-11-25T11:29:28+00:00\",\"dateModified\":\"2017-05-05T14:45:00+00:00\",\"breadcrumb\":{\"@id\":\"https:\\\/\\\/www.itziarrensemeak.eus\\\/web\\\/denda\\\/#breadcrumb\"},\"inLanguage\":\"eu\",\"potentialAction\":[{\"@type\":\"ReadAction\",\"target\":[\"https:\\\/\\\/www.itziarrensemeak.eus\\\/web\\\/denda\\\/\"]}]},{\"@type\":\"ImageObject\",\"inLanguage\":\"eu\",\"@id\":\"https:\\\/\\\/www.itziarrensemeak.eus\\\/web\\\/denda\\\/#primaryimage\",\"url\":\"https:\\\/\\\/www.itziarrensemeak.eus\\\/web\\\/wp-content\\\/uploads\\\/2011\\\/11\\\/merkandaisin.png\",\"contentUrl\":\"https:\\\/\\\/www.itziarrensemeak.eus\\\/web\\\/wp-content\\\/uploads\\\/2011\\\/11\\\/merkandaisin.png\",\"width\":2480,\"height\":3508},{\"@type\":\"BreadcrumbList\",\"@id\":\"https:\\\/\\\/www.itziarrensemeak.eus\\\/web\\\/denda\\\/#breadcrumb\",\"itemListElement\":[{\"@type\":\"ListItem\",\"position\":1,\"name\":\"Home\",\"item\":\"https:\\\/\\\/www.itziarrensemeak.eus\\\/web\\\/\"},{\"@type\":\"ListItem\",\"position\":2,\"name\":\"Denda\"}]},{\"@type\":\"WebSite\",\"@id\":\"https:\\\/\\\/www.itziarrensemeak.eus\\\/web\\\/#website\",\"url\":\"https:\\\/\\\/www.itziarrensemeak.eus\\\/web\\\/\",\"name\":\"Itziarren Semeak\",\"description\":\"EH Republik\",\"publisher\":{\"@id\":\"https:\\\/\\\/www.itziarrensemeak.eus\\\/web\\\/#organization\"},\"potentialAction\":[{\"@type\":\"SearchAction\",\"target\":{\"@type\":\"EntryPoint\",\"urlTemplate\":\"https:\\\/\\\/www.itziarrensemeak.eus\\\/web\\\/?s={search_term_string}\"},\"query-input\":{\"@type\":\"PropertyValueSpecification\",\"valueRequired\":true,\"valueName\":\"search_term_string\"}}],\"inLanguage\":\"eu\"},{\"@type\":\"Organization\",\"@id\":\"https:\\\/\\\/www.itziarrensemeak.eus\\\/web\\\/#organization\",\"name\":\"Itziarren Semeak\",\"url\":\"https:\\\/\\\/www.itziarrensemeak.eus\\\/web\\\/\",\"logo\":{\"@type\":\"ImageObject\",\"inLanguage\":\"eu\",\"@id\":\"https:\\\/\\\/www.itziarrensemeak.eus\\\/web\\\/#\\\/schema\\\/logo\\\/image\\\/\",\"url\":\"https:\\\/\\\/www.itziarrensemeak.eus\\\/web\\\/wp-content\\\/uploads\\\/2011\\\/11\\\/kalaera.jpg\",\"contentUrl\":\"https:\\\/\\\/www.itziarrensemeak.eus\\\/web\\\/wp-content\\\/uploads\\\/2011\\\/11\\\/kalaera.jpg\",\"width\":291,\"height\":291,\"caption\":\"Itziarren Semeak\"},\"image\":{\"@id\":\"https:\\\/\\\/www.itziarrensemeak.eus\\\/web\\\/#\\\/schema\\\/logo\\\/image\\\/\"},\"sameAs\":[\"http:\\\/\\\/www.facebook.com\\\/itziarrensemeak\",\"https:\\\/\\\/x.com\\\/ItzrrSemeak\",\"http:\\\/\\\/www.youtube.com\\\/user\\\/itziarrensemeak\",\"https:\\\/\\\/www.instagram.com\\\/itziarrensemeak\",\"https:\\\/\\\/soundcloud.com\\\/itziarren-semeak\"]}]}<\/script>\n<!-- \/ Yoast SEO plugin. -->","yoast_head_json":{"title":"Denda - Itziarren Semeak","robots":{"index":"index","follow":"follow","max-snippet":"max-snippet:-1","max-image-preview":"max-image-preview:large","max-video-preview":"max-video-preview:-1"},"canonical":"https:\/\/www.itziarrensemeak.eus\/web\/denda\/","og_locale":"en_US","og_type":"article","og_title":"Denda - Itziarren Semeak","og_description":"Oharra: Kamiseta bat baino gehiago edota diska beretik kopia bat baino gehiago erosi nahi badituzu, idatzi kopurua &#8220;Oharrak&#8221; atalean.\u00a0Bidalketa gastuak, eskariaren tamainaren araberakoak dira.\u00a0Gutxi gorabera kamisetak 3\u20ac eta CDak 2\u20ac. Nota: Si quieres comprar mas de un disco o camiseta,","og_url":"https:\/\/www.itziarrensemeak.eus\/web\/denda\/","og_site_name":"Itziarren Semeak","article_publisher":"http:\/\/www.facebook.com\/itziarrensemeak","article_modified_time":"2017-05-05T14:45:00+00:00","og_image":[{"url":"http:\/\/www.itziarrensemeak.eus\/web\/wp-content\/uploads\/2011\/11\/merkandaisin-724x1024.png","type":"","width":"","height":""}],"twitter_card":"summary_large_image","twitter_site":"@ItzrrSemeak","schema":{"@context":"https:\/\/schema.org","@graph":[{"@type":"WebPage","@id":"https:\/\/www.itziarrensemeak.eus\/web\/denda\/","url":"https:\/\/www.itziarrensemeak.eus\/web\/denda\/","name":"Denda - Itziarren Semeak","isPartOf":{"@id":"https:\/\/www.itziarrensemeak.eus\/web\/#website"},"primaryImageOfPage":{"@id":"https:\/\/www.itziarrensemeak.eus\/web\/denda\/#primaryimage"},"image":{"@id":"https:\/\/www.itziarrensemeak.eus\/web\/denda\/#primaryimage"},"thumbnailUrl":"http:\/\/www.itziarrensemeak.eus\/web\/wp-content\/uploads\/2011\/11\/merkandaisin-724x1024.png","datePublished":"2011-11-25T11:29:28+00:00","dateModified":"2017-05-05T14:45:00+00:00","breadcrumb":{"@id":"https:\/\/www.itziarrensemeak.eus\/web\/denda\/#breadcrumb"},"inLanguage":"eu","potentialAction":[{"@type":"ReadAction","target":["https:\/\/www.itziarrensemeak.eus\/web\/denda\/"]}]},{"@type":"ImageObject","inLanguage":"eu","@id":"https:\/\/www.itziarrensemeak.eus\/web\/denda\/#primaryimage","url":"https:\/\/www.itziarrensemeak.eus\/web\/wp-content\/uploads\/2011\/11\/merkandaisin.png","contentUrl":"https:\/\/www.itziarrensemeak.eus\/web\/wp-content\/uploads\/2011\/11\/merkandaisin.png","width":2480,"height":3508},{"@type":"BreadcrumbList","@id":"https:\/\/www.itziarrensemeak.eus\/web\/denda\/#breadcrumb","itemListElement":[{"@type":"ListItem","position":1,"name":"Home","item":"https:\/\/www.itziarrensemeak.eus\/web\/"},{"@type":"ListItem","position":2,"name":"Denda"}]},{"@type":"WebSite","@id":"https:\/\/www.itziarrensemeak.eus\/web\/#website","url":"https:\/\/www.itziarrensemeak.eus\/web\/","name":"Itziarren Semeak","description":"EH Republik","publisher":{"@id":"https:\/\/www.itziarrensemeak.eus\/web\/#organization"},"potentialAction":[{"@type":"SearchAction","target":{"@type":"EntryPoint","urlTemplate":"https:\/\/www.itziarrensemeak.eus\/web\/?s={search_term_string}"},"query-input":{"@type":"PropertyValueSpecification","valueRequired":true,"valueName":"search_term_string"}}],"inLanguage":"eu"},{"@type":"Organization","@id":"https:\/\/www.itziarrensemeak.eus\/web\/#organization","name":"Itziarren Semeak","url":"https:\/\/www.itziarrensemeak.eus\/web\/","logo":{"@type":"ImageObject","inLanguage":"eu","@id":"https:\/\/www.itziarrensemeak.eus\/web\/#\/schema\/logo\/image\/","url":"https:\/\/www.itziarrensemeak.eus\/web\/wp-content\/uploads\/2011\/11\/kalaera.jpg","contentUrl":"https:\/\/www.itziarrensemeak.eus\/web\/wp-content\/uploads\/2011\/11\/kalaera.jpg","width":291,"height":291,"caption":"Itziarren Semeak"},"image":{"@id":"https:\/\/www.itziarrensemeak.eus\/web\/#\/schema\/logo\/image\/"},"sameAs":["http:\/\/www.facebook.com\/itziarrensemeak","https:\/\/x.com\/ItzrrSemeak","http:\/\/www.youtube.com\/user\/itziarrensemeak","https:\/\/www.instagram.com\/itziarrensemeak","https:\/\/soundcloud.com\/itziarren-semeak"]}]}},"_links":{"self":[{"href":"https:\/\/www.itziarrensemeak.eus\/web\/wp-json\/wp\/v2\/pages\/101","targetHints":{"allow":["GET"]}}],"collection":[{"href":"https:\/\/www.itziarrensemeak.eus\/web\/wp-json\/wp\/v2\/pages"}],"about":[{"href":"https:\/\/www.itziarrensemeak.eus\/web\/wp-json\/wp\/v2\/types\/page"}],"author":[{"embeddable":true,"href":"https:\/\/www.itziarrensemeak.eus\/web\/wp-json\/wp\/v2\/users\/1"}],"replies":[{"embeddable":true,"href":"https:\/\/www.itziarrensemeak.eus\/web\/wp-json\/wp\/v2\/comments?post=101"}],"version-history":[{"count":10,"href":"https:\/\/www.itziarrensemeak.eus\/web\/wp-json\/wp\/v2\/pages\/101\/revisions"}],"predecessor-version":[{"id":2589,"href":"https:\/\/www.itziarrensemeak.eus\/web\/wp-json\/wp\/v2\/pages\/101\/revisions\/2589"}],"wp:attachment":[{"href":"https:\/\/www.itziarrensemeak.eus\/web\/wp-json\/wp\/v2\/media?parent=101"}],"curies":[{"name":"wp","href":"https:\/\/api.w.org\/{rel}","templated":true}]}}