{"id":2,"date":"2011-11-20T20:09:58","date_gmt":"2011-11-20T20:09:58","guid":{"rendered":"http:\/\/www.itziarrensemeak.eus\/web\/?page_id=2"},"modified":"2017-06-24T09:44:41","modified_gmt":"2017-06-24T09:44:41","slug":"bio","status":"publish","type":"page","link":"https:\/\/www.itziarrensemeak.eus\/web\/bio\/","title":{"rendered":"Bio"},"content":{"rendered":"<p>&nbsp;<\/p>\n<p><strong><span style=\"color: #000000;\">ENGLISH<\/span><\/strong><\/p>\n<p><strong>\u00a0<\/strong><\/p>\n<p><strong>Basque Rebel Musik Fest.<\/strong><br \/>\n<strong> Itziarren Semeak is a brass driven ska, punk and reggae party band that also mixes folk music from the Basque Country, a small nation in the north of Spain and south of France. Itziarren Semeak sings in basque language, but they have some songs also in spanish. In 2017 the band is celebrating ten years career with their last album EH Republik.<\/strong><\/p>\n<p><strong>From the very beginning, they have proclaimed themselves as proud heritors of the RRV (Rock Radical Vasco \u2013 Basque Radical Rock). RRV was a hugely important 80s musical movement in the Basque Country, which brought new musical style to the scene. It has had and enormous influence in contemporary Basque musicians). They couldn\u2019t possibly stand at the first row in the 80s, but they have always kept in their hearts that particular way of looking at the world, which the RRV bands first claimed.<\/strong><\/p>\n<p><strong>Based in those influences, they have always tried to make their own way mixing ska, punk and reggae music with traditional folk songs, defending their ideas and having fun at the same time. Itziarren Semeak gigs are a big party for public and musicians. Dance and jump are the only option for the band.<\/strong><\/p>\n<p><strong>The band\u2019s name comes from the song \u201cItziarren semea\u201d (Itziar\u2019s son) by the hugely important basque traditional singers \u201cPantxoa eta Peio\u201d. It is a song against torture, and it perfectly illustrates how the band\u2019s philosophy is to sing in favor of the oppressed and against the powerful.<\/strong><\/p>\n<p><strong><a href=\"http:\/\/www.itziarrensemeak.eus\/web\/wp-content\/uploads\/2011\/11\/kalaera.jpg\"><img loading=\"lazy\" decoding=\"async\" class=\"aligncenter size-full wp-image-2641\" src=\"http:\/\/www.itziarrensemeak.eus\/web\/wp-content\/uploads\/2011\/11\/kalaera.jpg\" alt=\"kalaera\" width=\"291\" height=\"291\" srcset=\"https:\/\/www.itziarrensemeak.eus\/web\/wp-content\/uploads\/2011\/11\/kalaera.jpg 291w, https:\/\/www.itziarrensemeak.eus\/web\/wp-content\/uploads\/2011\/11\/kalaera-150x150.jpg 150w\" sizes=\"auto, (max-width: 291px) 100vw, 291px\" \/><\/a><\/strong><\/p>\n<p><strong>First gig in 2007, first demo recorded in June 2008.<\/strong><br \/>\n<strong> -Albums: Bizkaiko golfoak (2010), Lehen lerroan (2011), Basque of Brixton (2012, EP), Dale Candela (2012), Revolta (2014) &amp; EH Republik (2017).<\/strong><br \/>\n<strong> -Played in over 400 gigs between 2007 and 2017.<\/strong><\/p>\n<p><strong>-They\u2019ve played in all the festivals of the Basque capitals (Donostia, Bilbo, Gasteiz, Iru\u00f1ea and Baiona), in front of hundreds of people. They have also offered gigs in big music festivals such as Gazte Herria, Gazte Danbada, Ibilaldia, Korrika or Euskal Herria Zuzenean.<\/strong><br \/>\n<strong> &#8211; They have recorded several music videos in collaboration with the Ballet Olaeta. In addition, the band usually includes traditional Basque dance shows to their live concerts.<\/strong><\/p>\n<p><strong>SONGS<\/strong><\/p>\n<p><strong>&#8211; Recorded the song \u201cMatxinen etxea\u201d (Matxin\u2019s house) in favor of the Youth Assembly of Mungia in June 2010.<\/strong><\/p>\n<p><strong>&#8211; Recorded a song in favor of the squat house Zazpi katu from Bilbao in December 2011.<\/strong><\/p>\n<p><strong>&#8211; Recorded the song \u201cAskapen izarrak\u201d in favor of the internationalist group Askapena.<\/strong><\/p>\n<p><strong>-Recorded the song \u201cEgunero Alkarregaz\u2019 for Ibilaldia 2017, in favor of the schools from Bizkaia and basque language.<\/strong><\/p>\n<p><strong>&#8211; They have participated in compilations such as Borrokanrola Faxismoaren aurka (2010) \u2013Rock and roll against fascism\u2013, Mad Butchers (2013) or Rebel Sounds (2011-2012).<\/strong><\/p>\n<p><strong>TOURS<\/strong><br \/>\n<strong> -London Basque Solidarity Sound System, festival celebrated in the venue The Jam in Brixton.<\/strong><br \/>\n<strong> &#8211; In December 2012 they toured through Cuba with the \u201cDale Candela Tour\u201d, invited by the Cuban Rock Association and the Saiz Brothers\u2019 Association cultural group. They kept a public diary of their Cuban experiences in the digital Basque newspaper NAIZ.<\/strong><\/p>\n<p><strong>-March 2013: They played 2 gigs in Ireland and one gig in Catalonia.<\/strong><\/p>\n<p><strong>-Recorded a live LP of their gig at the Bilbo festivals in August 2013.<\/strong><\/p>\n<p><strong>-In 2014 toured Andalucia (south of Spain) and Madrid.<\/strong><br \/>\n<strong> -In november 2014 tour in Argentina &amp; Chile. They kept a public diary in the digital newspaper NAIZ.<\/strong><br \/>\n<strong> -In 2015, gigs in Belfast &amp; Dublin.<\/strong><br \/>\n<strong> -In 2016 tour in England, Scotland, Germany, Austria and Slovenia, participating in festivals and gigs in venues.<\/strong><br \/>\n<strong> -Recorded a live LP in Mungia festivals, celebrating 10 years.<\/strong><br \/>\n<strong> -In 2017, another tour in Ireland participating in Live Injection Ska Fest and Europe.<\/strong><\/p>\n<p><strong>\u00a0<\/strong><\/p>\n<p><strong>Long life to Itziarren Semeak!<\/strong><\/p>\n<p><strong>\u00a0<a href=\"http:\/\/www.itziarrensemeak.eus\/web\/wp-content\/uploads\/2011\/11\/chiclanaband.jpg\"><img loading=\"lazy\" decoding=\"async\" class=\"aligncenter size-medium wp-image-2010\" src=\"http:\/\/www.itziarrensemeak.eus\/web\/wp-content\/uploads\/2011\/11\/chiclanaband-300x195.jpg\" alt=\"chiclanaband\" width=\"300\" height=\"195\" srcset=\"https:\/\/www.itziarrensemeak.eus\/web\/wp-content\/uploads\/2011\/11\/chiclanaband-300x195.jpg 300w, https:\/\/www.itziarrensemeak.eus\/web\/wp-content\/uploads\/2011\/11\/chiclanaband.jpg 960w\" sizes=\"auto, (max-width: 300px) 100vw, 300px\" \/><\/a><\/strong><\/p>\n<p><strong>EUSKARA<\/strong><\/p>\n<p><strong>Rebel Musik Fest. Ska, punk eta reggae PARTY banda. Munduko eta Euskal Herriko folk doinuak eta dantzak ere nahasten dituzte kantuetan. RRVren semeak direla ozen aldarrikatu dute hastapenetatol. Ezin izan zuten lehen lerroan egon 80.hamarkadan, baina beti eraman dute munduari begiratzeko modu hori bihotzean. Iturri hartatik edanda, euren bidea egin dute sinesten dituzten ideiak jai giroan aldarrikatuz.<\/strong><\/p>\n<p><strong>Taldearen izena, Euskal Herriko kultura musikala ulertzeko ezinbestekoak diren Pantxoa eta Peio bikotearen \u201cItziarren semea\u201d kantutik hartu zuten. Torturaren kontrako aldarrikapen horrek erakusten du, taldearen filosofia boteretsuen kontra eta zapaldutakoen alde abestea dela.<\/strong><\/p>\n<p><strong>2006an batu ziren lehen aldiz Mungiako lokaletan. Lehen kontzertua 2007ko apirilean eman zuten Mungiako Gazte Asanbladaren eskutik eta uda horretan hainbat kontzertu eskaini zituzten eskualdeko herriko jai ezberdinetan.<br \/>\n<\/strong><\/p>\n<p><a href=\"http:\/\/www.itziarrensemeak.eus\/web\/wp-content\/uploads\/2017\/05\/ibilaldi6.jpg\"><img loading=\"lazy\" decoding=\"async\" class=\"aligncenter size-full wp-image-2608\" src=\"http:\/\/www.itziarrensemeak.eus\/web\/wp-content\/uploads\/2017\/05\/ibilaldi6.jpg\" alt=\"ibilaldi6\" width=\"800\" height=\"450\" srcset=\"https:\/\/www.itziarrensemeak.eus\/web\/wp-content\/uploads\/2017\/05\/ibilaldi6.jpg 800w, https:\/\/www.itziarrensemeak.eus\/web\/wp-content\/uploads\/2017\/05\/ibilaldi6-300x169.jpg 300w\" sizes=\"auto, (max-width: 800px) 100vw, 800px\" \/><\/a><\/p>\n<p><strong>2008ko ekainean lehen diskoa grabatu zuten Ondarroako Santos Records-en. Hamar kantu propio izan ziren. 2010eko otsailean \u201cBizkaiko Golfoak\u201d diskoa grabatu zuten Andoaingo Garate estudioetan, Kaki eta Martxel Arkarazo aritu zirelarik teknikari lanetan.\u00a0 Disko honi esker 50 kontzertu baino gehiago emateko aukera izan zuten eta 2011ko martxoa eta apirila artean \u201cLehen lerroan\u201d izeneko diskoaren grabaketa etorri zen, berriro ere Andoaingo Garate estudioetan Kaki Arkarazaroren gidaritzapean. 2012 hasieran EP berri bat kaleratu zuten \u201cBasque of Brixton\u201d izenburupean eta urte bukaeran, Durangoko azokan, \u201cDale Candela\u201d lan luzea aurkeztu zuten.<\/strong><\/p>\n<p><strong>Urte bukaeran Kuban zehar zazpi kontzertuko bira bat burutu zuten eta Irlandan eta Bartzelonan ere izan ziren 2013an. Abenduan bukatu zen Dale Candela Tour, 60 bat kontzertu eskaini ondoren eta amaiera emateko Bilboko Aste Nagusian zuzenean grabaturiko Bizkaiko Golfoak kantaren bideoklipa aurkeztu zuten.<\/strong><\/p>\n<p><strong>2014an RETOUR bira abiatu zuten otsailean Kalera rock jaialdian. 25 kontzertutik gora eskaini dituzte 2014an zehar Ibilaldia eta Herri Urrats bezalako jaialdietan parte hartuz. Andaluzia eta Madrilen ere izan ziren taldea ezagutarazten.<\/strong><\/p>\n<p><strong>Aldi berean, Revolta diskoa prestatu zuten urte guztian zehar Kaki Arkarazorekin batera. Urri bukaeran aurkeztu ondoren, azaroan Argentina eta Chilen izan ziren Sudaska festibalean parte hartzeko gonbitea jaso ostean. 2015ean etxean aurkeztuko dute Revolta diskoa izen bereko birarekin. Dagoeneko 400 zuzeneko emanaldi baino gehiago eskaini dituzte beren ibilbidean zehar. <\/strong><\/p>\n<p><strong>2017ko martxoan EH Republik izeneko disko berria kaleratu dute Baga Biga diskoetxearekin. Arrasateko Shot estudioetan grabatutakoa da I\u00f1aki Bengoaren eskutik. <\/strong><\/p>\n<p><a href=\"http:\/\/www.itziarrensemeak.eus\/web\/wp-content\/uploads\/2016\/06\/liedesfest.jpg\"><img loading=\"lazy\" decoding=\"async\" class=\"aligncenter size-full wp-image-2498\" src=\"http:\/\/www.itziarrensemeak.eus\/web\/wp-content\/uploads\/2016\/06\/liedesfest.jpg\" alt=\"liedesfest\" width=\"960\" height=\"540\" srcset=\"https:\/\/www.itziarrensemeak.eus\/web\/wp-content\/uploads\/2016\/06\/liedesfest.jpg 960w, https:\/\/www.itziarrensemeak.eus\/web\/wp-content\/uploads\/2016\/06\/liedesfest-300x169.jpg 300w\" sizes=\"auto, (max-width: 960px) 100vw, 960px\" \/><\/a><\/p>\n<p>&nbsp;<\/p>\n<p><strong>CASTELLANO<\/strong><br \/>\n<strong> Itziarren Semeak se define como una fiesta musical de rebeldes vascos irredentos. Mezclan ska, punk y reggae con folk de ra\u00edces vascas y m\u00fasica popular. Proclaman sin complejos que son hijos del RRV (Rock Radical Vasco). No pudieron vivir este movimiento cultural en primera l\u00ednea durante los 80, pero siempre han llevado dentro esa forma de entender el mundo. Partiendo desde esta base, pretenden escribir su propio camino reivindicando las ideas en las que creen en un tono festivo. Los conciertos son una fiesta en la que no quedan m\u00e1s opciones que saltar y bailar.<\/strong><\/p>\n<p><strong>El nombre del grupo lo cogieron de la canci\u00f3n \u201cItziarren semea\u201d de los cantautores Pantxoa eta Peio, un duo musical fundamental para entender la realidad pol\u00edtica, social y cultural de Euskal Herria. Esta canci\u00f3n en contra de la tortura\u00a0simboliza la filosof\u00eda de un grupo que defiende que siempre cantar\u00e1 en contra de los poderosos y a favor de los oprimidos.<\/strong><\/p>\n<p><strong>Los inicios del grupo datan de 2006 cuando comenzaron a ensayar en los locales de Mungia (Bizkaia). En abril de 2007 ofrecieron su primer concierto de la mano de la Gazte Asanblada de Mungia. Ese mismo verano actuaron en varias fiestas de pueblos de su comarca.<br \/>\n<\/strong><\/p>\n<p><a href=\"http:\/\/www.itziarrensemeak.eus\/web\/wp-content\/uploads\/2015\/11\/herriurrats.jpg\"><img loading=\"lazy\" decoding=\"async\" class=\"aligncenter size-full wp-image-2341\" src=\"http:\/\/www.itziarrensemeak.eus\/web\/wp-content\/uploads\/2015\/11\/herriurrats.jpg\" alt=\"herriurrats\" width=\"800\" height=\"600\" srcset=\"https:\/\/www.itziarrensemeak.eus\/web\/wp-content\/uploads\/2015\/11\/herriurrats.jpg 800w, https:\/\/www.itziarrensemeak.eus\/web\/wp-content\/uploads\/2015\/11\/herriurrats-300x225.jpg 300w\" sizes=\"auto, (max-width: 800px) 100vw, 800px\" \/><\/a><\/p>\n<p><strong>En junio de 2008 grabaron su primer demo en los estudios Santos Records de Ondarroa. Fueron diez canciones propias, que les sirvieron para darse a conocer por gaztetxes y pueblos de Euskal Herria. En 2010 grabaron el disco \u201cBizkaiko Golfoak\u201d en los estudios Garate de Andoain con Kaki y Martxel Arkarazo, un disco que supuso un salto para el grupo. A ra\u00edz de este disco\u00a0 ofrecieron m\u00e1s de 50 conciertos haciendo el Golfo de Bizkaia por toda Euskal Herria y comenzaron a preparar un nuevo disco que saldr\u00eda a la luz en mayo de 2011. Editado bajo el t\u00edtulo de \u201cLehen lerroan\u201d, fue grabado en los estudios Garate de Andoain bajo la direcci\u00f3n t\u00e9cnica de Kaki Arkarazo. A principios de 2012 publicaron un nuevo EP con el t\u00edtulo \u201cBasque of Brixton\u201d y cerraron el a\u00f1o con la presentaci\u00f3n de un nuevo LP: \u201cDale Candela\u201d.<\/strong><\/p>\n<p><strong>Antes de acabar el a\u00f1o completaron una gira de siete conciertos por Cuba. En 2013 ofrecieron conciertos por todo Euskal Herria y tambi\u00e9n actuaron en Londres (Brixton noviembre de 2012), Irlanda y Barcelona. La fiesta final de Korrika en Baiona, Kilometroak, Euskal Herria Zuzenean y Aste Nagusia de Bilbo son otros de los conciertos multitudinarios.<\/strong><\/p>\n<p><strong>La gira Dale Candela Tour finaliza en diciembre y al mismo tiempo presentan un videoclip con la canci\u00f3n Bizkaiko Golfoak grabada en directo en el concierto ofrecido en fiestas de Bilbo.<\/strong><\/p>\n<p><strong>En febrero de 2014 arrancan con la gira RETOUR con nuevos componentes en la banda. Itziarren Semeak ha ofrecido m\u00e1s de 25 conciertos durante este a\u00f1o participando en festivales como Kalera Rock, Herri Urrats e Ibilaldia ante miles de personas. <\/strong><\/p>\n<p><strong>En octubre de 2014 presentan REVOLTA, producido por Kaki Arkarazo, y en noviembre emprenden una gira que les llevar\u00e1 por Argentina y Chile tras recibir la invitaci\u00f3n para participar en el festival Sudaska. Adem\u00e1s de presentar el disco por Euskal Herria en 2015 y 2016 realizan distintas giras pasando por Irlanda, Inglaterra, Escocia, Eslovenia, Alemania y Austria.<\/strong><\/p>\n<p><strong>En 2017 presentan EH Republik de la mano de la discogr\u00e1fica Baga Biga y grabado en los estudios Shot de Arrasate. Itziarren Semeak ha ofrecido ya m\u00e1s de 400 c0nciertos a lo largo de su trayectoria y contin\u00faan con muchas ganas de seguir dando guerra. Don`t stop the music!!! Martxa eta borroka!!!<br \/>\n<\/strong><\/p>\n<p><strong>\u00a0<a href=\"http:\/\/www.itziarrensemeak.eus\/web\/wp-content\/uploads\/2013\/10\/1396068_527683717310766_90753237_n1.jpg\"><img loading=\"lazy\" decoding=\"async\" class=\"aligncenter size-full wp-image-1625\" src=\"http:\/\/www.itziarrensemeak.eus\/web\/wp-content\/uploads\/2013\/10\/1396068_527683717310766_90753237_n1.jpg\" alt=\"1396068_527683717310766_90753237_n\" width=\"960\" height=\"526\" srcset=\"https:\/\/www.itziarrensemeak.eus\/web\/wp-content\/uploads\/2013\/10\/1396068_527683717310766_90753237_n1.jpg 960w, https:\/\/www.itziarrensemeak.eus\/web\/wp-content\/uploads\/2013\/10\/1396068_527683717310766_90753237_n1-300x164.jpg 300w\" sizes=\"auto, (max-width: 960px) 100vw, 960px\" \/><\/a><\/strong><\/p>\n<p>&nbsp;<\/p>\n<p><strong>FRANCAIS<\/strong><\/p>\n<p><strong>Itziarren Semeak, originaire de r\u00e9gion de Bilbo (Pays Basque), m\u00eale Ska, punk et reggae pour un ensemble festif qui aura pour objectif de faire danser. Avis aux nostalgiques de la sc\u00e8ne underground londonienne des ann\u00e9es 80 ! Itziarren semeak est fait pour vous&#8230; le tout en euskara bien s\u00fbr !<\/strong><\/p>\n<p><a href=\"http:\/\/www.itziarrensemeak.eus\/web\/wp-content\/uploads\/2013\/06\/brassdriven.png\"><img loading=\"lazy\" decoding=\"async\" class=\"aligncenter size-full wp-image-2617\" src=\"http:\/\/www.itziarrensemeak.eus\/web\/wp-content\/uploads\/2013\/06\/brassdriven.png\" alt=\"brassdriven\" width=\"521\" height=\"273\" srcset=\"https:\/\/www.itziarrensemeak.eus\/web\/wp-content\/uploads\/2013\/06\/brassdriven.png 521w, https:\/\/www.itziarrensemeak.eus\/web\/wp-content\/uploads\/2013\/06\/brassdriven-300x157.png 300w\" sizes=\"auto, (max-width: 521px) 100vw, 521px\" \/><\/a><\/p>\n","protected":false},"excerpt":{"rendered":"<p>&nbsp; ENGLISH \u00a0 Basque Rebel Musik Fest. Itziarren Semeak is a brass driven ska, punk and reggae party band that also mixes folk music from the Basque Country, a small nation in the north of Spain and south of France.<\/p>\n","protected":false},"author":1,"featured_media":2643,"parent":0,"menu_order":0,"comment_status":"open","ping_status":"closed","template":"","meta":{"footnotes":""},"class_list":["post-2","page","type-page","status-publish","has-post-thumbnail","hentry"],"yoast_head":"<!-- This site is optimized with the Yoast SEO plugin v27.4 - https:\/\/yoast.com\/product\/yoast-seo-wordpress\/ -->\n<title>Bio - Itziarren Semeak<\/title>\n<meta name=\"robots\" content=\"index, follow, max-snippet:-1, max-image-preview:large, max-video-preview:-1\" \/>\n<link rel=\"canonical\" href=\"https:\/\/www.itziarrensemeak.eus\/web\/bio\/\" \/>\n<meta property=\"og:locale\" content=\"en_US\" \/>\n<meta property=\"og:type\" content=\"article\" \/>\n<meta property=\"og:title\" content=\"Bio - Itziarren Semeak\" \/>\n<meta property=\"og:description\" content=\"&nbsp; ENGLISH \u00a0 Basque Rebel Musik Fest. Itziarren Semeak is a brass driven ska, punk and reggae party band that also mixes folk music from the Basque Country, a small nation in the north of Spain and south of France.\" \/>\n<meta property=\"og:url\" content=\"https:\/\/www.itziarrensemeak.eus\/web\/bio\/\" \/>\n<meta property=\"og:site_name\" content=\"Itziarren Semeak\" \/>\n<meta property=\"article:publisher\" content=\"http:\/\/www.facebook.com\/itziarrensemeak\" \/>\n<meta property=\"article:modified_time\" content=\"2017-06-24T09:44:41+00:00\" \/>\n<meta property=\"og:image\" content=\"https:\/\/www.itziarrensemeak.eus\/web\/wp-content\/uploads\/2011\/11\/itziarrensemeak.jpg\" \/>\n\t<meta property=\"og:image:width\" content=\"960\" \/>\n\t<meta property=\"og:image:height\" content=\"341\" \/>\n\t<meta property=\"og:image:type\" content=\"image\/jpeg\" \/>\n<meta name=\"twitter:card\" content=\"summary_large_image\" \/>\n<meta name=\"twitter:site\" content=\"@ItzrrSemeak\" \/>\n<meta name=\"twitter:label1\" content=\"Est. reading time\" \/>\n\t<meta name=\"twitter:data1\" content=\"8 minutua\" \/>\n<script type=\"application\/ld+json\" class=\"yoast-schema-graph\">{\"@context\":\"https:\\\/\\\/schema.org\",\"@graph\":[{\"@type\":\"WebPage\",\"@id\":\"https:\\\/\\\/www.itziarrensemeak.eus\\\/web\\\/bio\\\/\",\"url\":\"https:\\\/\\\/www.itziarrensemeak.eus\\\/web\\\/bio\\\/\",\"name\":\"Bio - Itziarren Semeak\",\"isPartOf\":{\"@id\":\"https:\\\/\\\/www.itziarrensemeak.eus\\\/web\\\/#website\"},\"primaryImageOfPage\":{\"@id\":\"https:\\\/\\\/www.itziarrensemeak.eus\\\/web\\\/bio\\\/#primaryimage\"},\"image\":{\"@id\":\"https:\\\/\\\/www.itziarrensemeak.eus\\\/web\\\/bio\\\/#primaryimage\"},\"thumbnailUrl\":\"https:\\\/\\\/www.itziarrensemeak.eus\\\/web\\\/wp-content\\\/uploads\\\/2011\\\/11\\\/itziarrensemeak.jpg\",\"datePublished\":\"2011-11-20T20:09:58+00:00\",\"dateModified\":\"2017-06-24T09:44:41+00:00\",\"breadcrumb\":{\"@id\":\"https:\\\/\\\/www.itziarrensemeak.eus\\\/web\\\/bio\\\/#breadcrumb\"},\"inLanguage\":\"eu\",\"potentialAction\":[{\"@type\":\"ReadAction\",\"target\":[\"https:\\\/\\\/www.itziarrensemeak.eus\\\/web\\\/bio\\\/\"]}]},{\"@type\":\"ImageObject\",\"inLanguage\":\"eu\",\"@id\":\"https:\\\/\\\/www.itziarrensemeak.eus\\\/web\\\/bio\\\/#primaryimage\",\"url\":\"https:\\\/\\\/www.itziarrensemeak.eus\\\/web\\\/wp-content\\\/uploads\\\/2011\\\/11\\\/itziarrensemeak.jpg\",\"contentUrl\":\"https:\\\/\\\/www.itziarrensemeak.eus\\\/web\\\/wp-content\\\/uploads\\\/2011\\\/11\\\/itziarrensemeak.jpg\",\"width\":960,\"height\":341},{\"@type\":\"BreadcrumbList\",\"@id\":\"https:\\\/\\\/www.itziarrensemeak.eus\\\/web\\\/bio\\\/#breadcrumb\",\"itemListElement\":[{\"@type\":\"ListItem\",\"position\":1,\"name\":\"Home\",\"item\":\"https:\\\/\\\/www.itziarrensemeak.eus\\\/web\\\/\"},{\"@type\":\"ListItem\",\"position\":2,\"name\":\"Bio\"}]},{\"@type\":\"WebSite\",\"@id\":\"https:\\\/\\\/www.itziarrensemeak.eus\\\/web\\\/#website\",\"url\":\"https:\\\/\\\/www.itziarrensemeak.eus\\\/web\\\/\",\"name\":\"Itziarren Semeak\",\"description\":\"EH Republik\",\"publisher\":{\"@id\":\"https:\\\/\\\/www.itziarrensemeak.eus\\\/web\\\/#organization\"},\"potentialAction\":[{\"@type\":\"SearchAction\",\"target\":{\"@type\":\"EntryPoint\",\"urlTemplate\":\"https:\\\/\\\/www.itziarrensemeak.eus\\\/web\\\/?s={search_term_string}\"},\"query-input\":{\"@type\":\"PropertyValueSpecification\",\"valueRequired\":true,\"valueName\":\"search_term_string\"}}],\"inLanguage\":\"eu\"},{\"@type\":\"Organization\",\"@id\":\"https:\\\/\\\/www.itziarrensemeak.eus\\\/web\\\/#organization\",\"name\":\"Itziarren Semeak\",\"url\":\"https:\\\/\\\/www.itziarrensemeak.eus\\\/web\\\/\",\"logo\":{\"@type\":\"ImageObject\",\"inLanguage\":\"eu\",\"@id\":\"https:\\\/\\\/www.itziarrensemeak.eus\\\/web\\\/#\\\/schema\\\/logo\\\/image\\\/\",\"url\":\"https:\\\/\\\/www.itziarrensemeak.eus\\\/web\\\/wp-content\\\/uploads\\\/2011\\\/11\\\/kalaera.jpg\",\"contentUrl\":\"https:\\\/\\\/www.itziarrensemeak.eus\\\/web\\\/wp-content\\\/uploads\\\/2011\\\/11\\\/kalaera.jpg\",\"width\":291,\"height\":291,\"caption\":\"Itziarren Semeak\"},\"image\":{\"@id\":\"https:\\\/\\\/www.itziarrensemeak.eus\\\/web\\\/#\\\/schema\\\/logo\\\/image\\\/\"},\"sameAs\":[\"http:\\\/\\\/www.facebook.com\\\/itziarrensemeak\",\"https:\\\/\\\/x.com\\\/ItzrrSemeak\",\"http:\\\/\\\/www.youtube.com\\\/user\\\/itziarrensemeak\",\"https:\\\/\\\/www.instagram.com\\\/itziarrensemeak\",\"https:\\\/\\\/soundcloud.com\\\/itziarren-semeak\"]}]}<\/script>\n<!-- \/ Yoast SEO plugin. -->","yoast_head_json":{"title":"Bio - Itziarren Semeak","robots":{"index":"index","follow":"follow","max-snippet":"max-snippet:-1","max-image-preview":"max-image-preview:large","max-video-preview":"max-video-preview:-1"},"canonical":"https:\/\/www.itziarrensemeak.eus\/web\/bio\/","og_locale":"en_US","og_type":"article","og_title":"Bio - Itziarren Semeak","og_description":"&nbsp; ENGLISH \u00a0 Basque Rebel Musik Fest. Itziarren Semeak is a brass driven ska, punk and reggae party band that also mixes folk music from the Basque Country, a small nation in the north of Spain and south of France.","og_url":"https:\/\/www.itziarrensemeak.eus\/web\/bio\/","og_site_name":"Itziarren Semeak","article_publisher":"http:\/\/www.facebook.com\/itziarrensemeak","article_modified_time":"2017-06-24T09:44:41+00:00","og_image":[{"width":960,"height":341,"url":"https:\/\/www.itziarrensemeak.eus\/web\/wp-content\/uploads\/2011\/11\/itziarrensemeak.jpg","type":"image\/jpeg"}],"twitter_card":"summary_large_image","twitter_site":"@ItzrrSemeak","twitter_misc":{"Est. reading time":"8 minutua"},"schema":{"@context":"https:\/\/schema.org","@graph":[{"@type":"WebPage","@id":"https:\/\/www.itziarrensemeak.eus\/web\/bio\/","url":"https:\/\/www.itziarrensemeak.eus\/web\/bio\/","name":"Bio - Itziarren Semeak","isPartOf":{"@id":"https:\/\/www.itziarrensemeak.eus\/web\/#website"},"primaryImageOfPage":{"@id":"https:\/\/www.itziarrensemeak.eus\/web\/bio\/#primaryimage"},"image":{"@id":"https:\/\/www.itziarrensemeak.eus\/web\/bio\/#primaryimage"},"thumbnailUrl":"https:\/\/www.itziarrensemeak.eus\/web\/wp-content\/uploads\/2011\/11\/itziarrensemeak.jpg","datePublished":"2011-11-20T20:09:58+00:00","dateModified":"2017-06-24T09:44:41+00:00","breadcrumb":{"@id":"https:\/\/www.itziarrensemeak.eus\/web\/bio\/#breadcrumb"},"inLanguage":"eu","potentialAction":[{"@type":"ReadAction","target":["https:\/\/www.itziarrensemeak.eus\/web\/bio\/"]}]},{"@type":"ImageObject","inLanguage":"eu","@id":"https:\/\/www.itziarrensemeak.eus\/web\/bio\/#primaryimage","url":"https:\/\/www.itziarrensemeak.eus\/web\/wp-content\/uploads\/2011\/11\/itziarrensemeak.jpg","contentUrl":"https:\/\/www.itziarrensemeak.eus\/web\/wp-content\/uploads\/2011\/11\/itziarrensemeak.jpg","width":960,"height":341},{"@type":"BreadcrumbList","@id":"https:\/\/www.itziarrensemeak.eus\/web\/bio\/#breadcrumb","itemListElement":[{"@type":"ListItem","position":1,"name":"Home","item":"https:\/\/www.itziarrensemeak.eus\/web\/"},{"@type":"ListItem","position":2,"name":"Bio"}]},{"@type":"WebSite","@id":"https:\/\/www.itziarrensemeak.eus\/web\/#website","url":"https:\/\/www.itziarrensemeak.eus\/web\/","name":"Itziarren Semeak","description":"EH Republik","publisher":{"@id":"https:\/\/www.itziarrensemeak.eus\/web\/#organization"},"potentialAction":[{"@type":"SearchAction","target":{"@type":"EntryPoint","urlTemplate":"https:\/\/www.itziarrensemeak.eus\/web\/?s={search_term_string}"},"query-input":{"@type":"PropertyValueSpecification","valueRequired":true,"valueName":"search_term_string"}}],"inLanguage":"eu"},{"@type":"Organization","@id":"https:\/\/www.itziarrensemeak.eus\/web\/#organization","name":"Itziarren Semeak","url":"https:\/\/www.itziarrensemeak.eus\/web\/","logo":{"@type":"ImageObject","inLanguage":"eu","@id":"https:\/\/www.itziarrensemeak.eus\/web\/#\/schema\/logo\/image\/","url":"https:\/\/www.itziarrensemeak.eus\/web\/wp-content\/uploads\/2011\/11\/kalaera.jpg","contentUrl":"https:\/\/www.itziarrensemeak.eus\/web\/wp-content\/uploads\/2011\/11\/kalaera.jpg","width":291,"height":291,"caption":"Itziarren Semeak"},"image":{"@id":"https:\/\/www.itziarrensemeak.eus\/web\/#\/schema\/logo\/image\/"},"sameAs":["http:\/\/www.facebook.com\/itziarrensemeak","https:\/\/x.com\/ItzrrSemeak","http:\/\/www.youtube.com\/user\/itziarrensemeak","https:\/\/www.instagram.com\/itziarrensemeak","https:\/\/soundcloud.com\/itziarren-semeak"]}]}},"_links":{"self":[{"href":"https:\/\/www.itziarrensemeak.eus\/web\/wp-json\/wp\/v2\/pages\/2","targetHints":{"allow":["GET"]}}],"collection":[{"href":"https:\/\/www.itziarrensemeak.eus\/web\/wp-json\/wp\/v2\/pages"}],"about":[{"href":"https:\/\/www.itziarrensemeak.eus\/web\/wp-json\/wp\/v2\/types\/page"}],"author":[{"embeddable":true,"href":"https:\/\/www.itziarrensemeak.eus\/web\/wp-json\/wp\/v2\/users\/1"}],"replies":[{"embeddable":true,"href":"https:\/\/www.itziarrensemeak.eus\/web\/wp-json\/wp\/v2\/comments?post=2"}],"version-history":[{"count":32,"href":"https:\/\/www.itziarrensemeak.eus\/web\/wp-json\/wp\/v2\/pages\/2\/revisions"}],"predecessor-version":[{"id":2647,"href":"https:\/\/www.itziarrensemeak.eus\/web\/wp-json\/wp\/v2\/pages\/2\/revisions\/2647"}],"wp:featuredmedia":[{"embeddable":true,"href":"https:\/\/www.itziarrensemeak.eus\/web\/wp-json\/wp\/v2\/media\/2643"}],"wp:attachment":[{"href":"https:\/\/www.itziarrensemeak.eus\/web\/wp-json\/wp\/v2\/media?parent=2"}],"curies":[{"name":"wp","href":"https:\/\/api.w.org\/{rel}","templated":true}]}}